
In base 16, what is -226 + -2?
-228
In base 2, what is -10 - -1100011100?
1100011010
In base 9, what is -14 - -31?
16
In base 9, what is -4 + 706?
702
In base 6, what is 1211 - -4?
1215
In base 12, what is 47 - 9?
3a
In base 11, what is -47 + 112?
76
In base 15, what is -81 + 0?
-81
In base 4, what is 3130200 - -11?
3130211
In base 8, what is 5 - 1253?
-1246
In base 6, what is 2043 - 4?
2035
In base 6, what is 5 - -41?
50
In base 15, what is d + 2?
10
In base 14, what is -5 + 7?
2
In base 14, what is -2 + -1b9?
-1bb
In base 3, what is 2 + 1121?
1200
In base 9, what is -183 - -2?
-181
In base 7, what is -25204 + 2?
-25202
In base 3, what is -10 + -20202?
-20212
In base 5, what is -3 + 4434?
4431
In base 12, what is 20 - -13?
33
In base 3, what is 10 + 2111?
2121
In base 13, what is -160 - -4?
-159
In base 4, what is 12 + -10310?
-10232
In base 4, what is -3 + -2010?
-2013
In base 16, what is 361 + 2?
363
In base 13, what is 3 + -c3?
-c0
In base 16, what is 4 - -4dd?
4e1
In base 13, what is -2 + 583?
581
In base 11, what is 11 - -2a?
40
In base 16, what is -586 - 0?
-586
In base 2, what is 1001111011 + -100?
1001110111
In base 13, what is -7 + -44?
-4b
In base 10, what is 76 + -3?
73
In base 3, what is 2 - 100110?
-100101
In base 13, what is 71 - -9?
7a
In base 8, what is 43 + 12?
55
In base 5, what is 1 + -343?
-342
In base 5, what is -220 + 4?
-211
In base 3, what is -12001012 + 21?
-12000221
In base 4, what is -1 - -1301?
1300
In base 12, what is -1b7 - 2?
-1b9
In base 15, what is -4 - 99?
-9d
In base 12, what is 11 + 33?
44
In base 8, what is 6 - 6?
0
In base 7, what is 143 + 15?
161
In base 15, what is -b5 - 6?
-bb
In base 2, what is 1 + 10000001?
10000010
In base 5, what is 14 + 1431?
2000
In base 11, what is -123 - 4?
-127
In base 9, what is -12 + 14?
2
In base 13, what is 20ab + -3?
20a8
In base 8, what is -11 - 63?
-74
In base 4, what is 10 - 121311?
-121301
In base 13, what is 0 - -21a?
21a
In base 3, what is 202 - -101?
1010
In base 6, what is -11 - 3?
-14
In base 10, what is -11 - -404?
393
In base 13, what is -179 + 0?
-179
In base 16, what is -4 - 73?
-77
In base 13, what is -3 + -388?
-38b
In base 14, what is -1d + 8?
-15
In base 10, what is 3 - -34?
37
In base 8, what is 310 + 0?
310
In base 8, what is -2 + 57?
55
In base 11, what is -18 + 3aa?
392
In base 12, what is -2 - 18b?
-191
In base 4, what is -231 + 1?
-230
In base 14, what is 7 + 95?
9c
In base 3, what is 1112110 + 0?
1112110
In base 3, what is -20 - 1102?
-1122
In base 4, what is 210 + 132?
1002
In base 3, what is -12102 + -2?
-12111
In base 9, what is 1814 + -2?
1812
In base 16, what is -13ec - -5?
-13e7
In base 3, what is -120 - -201210?
201020
In base 4, what is 1 - -133?
200
In base 14, what is 2 - 72a?
-728
In base 6, what is -2312 + 25?
-2243
In base 16, what is -2 + 28f?
28d
In base 14, what is -b2 - -7?
-a9
In base 6, what is -40151 + -4?
-40155
In base 8, what is 457 + 4?
463
In base 4, what is -101 + -3?
-110
In base 7, what is -3 + -420?
-423
In base 13, what is -1 - 3?
-4
In base 15, what is -10 + -72?
-82
In base 13, what is 1 + 39a9?
39aa
In base 15, what is -12e - -e?
-120
In base 10, what is -4 + -894?
-898
In base 2, what is 1100011 + -10?
1100001
In base 5, what is 10 - 13322?
-13312
In base 15, what is -17 + -3?
-1a
In base 8, what is -72 + -5?
-77
In base 6, what is 2 + -15105?
-15103
In base 13, what is -1012 - 0?
-1012
In base 5, what is 430 + 1?
431
In base 4, what is -2 + 1103?
1101
In base 2, what is -1000 + 1011001?
1010001
In base 3, what is -102 + -10?
-112
In base 5, what is -4302 + -1?
-4303
In base 5, what is 4 - 111?
-102
In base 11, what is -109 - -2?
-107
In base 9, what is -2 - 3286?
-3288
In base 15, what is -3c7 - 5?
-3cc
In base 5, what is -21023 + -1?
-21024
In base 12, what is 24 - 8?
18
In base 13, what is -3177 - 3?
-317a
In base 11, what is -a - 8?
-17
In base 10, what is -4 + 16?
12
In base 11, what is 7 + -6?
1
In base 8, what is -31446 + -1?
-31447
In base 13, what is -4 + a2?
9b
In base 15, what is 444d - -5?
4453
In base 4, what is 21 - -12221?
12302
In base 10, what is 5 - 1559?
-1554
In base 8, what is -51 + -2?
-53
In base 6, what is 0 + 111?
111
In base 15, what is 80 + -4?
7b
In base 9, what is 2722 - 5?
2716
In base 11, what is -27 - 42?
-69
In base 15, what is b + 3?
e
In base 6, what is -35 + -2?
-41
In base 6, what is 2432 - 0?
2432
In base 10, what is -1 - 3?
-4
In base 6, what is 133 + -4?
125
In base 4, what is -3311 - -3?
-3302
In base 16, what is 1a - -1?
1b
In base 5, what is 204023 + 10?
204033
In base 11, what is -106 + 4?
-102
In base 5, what is 112 - -202?
314
In base 14, what is -182b + 1?
-182a
In base 12, what is 3a + 5?
43
In base 15, what is -2 - -25?
23
In base 11, what is 1a6 + 4?
1aa
In base 15, what is 12b + -2?
129
In base 8, what is -172 + 2?
-170
In base 2, what is -1111110000 + 1?
-1111101111
In base 9, what is -578 - -4?
-574
In base 9, what is 2 - -58?
61
In base 2, what is -1000100 - 1?
-1000101
In base 14, what is b + -4?
7
In base 7, what is 30 - -123?
153
In base 16, what is c + 2f?
3b
In base 14, what is 5 - 0?
5
In base 9, what is -2456 - -1?
-2455
In base 12, what is 2 - -4?
6
In base 3, what is -211 - 21020?
-22001
In base 7, what is -40 + -443?
-513
In base 6, what is 11 - -100?
111
In base 2, what is 1 - 110011?
-110010
In base 3, what is -111 - 1222?
-2110
In base 14, what is -10 + 19?
9
In base 9, what is -37 + 11?
-26
In base 9, what is -54 + 67?
13
In base 5, what is -11213 - -10?
-11203
In base 6, what is 2 - -2?
4
In base 8, what is -1 - -220?
217
In base 4, what is 1002 + -10?
332
In base 14, what is -1d4 - 0?
-1d4
In base 6, what is -3 - 1102?
-1105
In base 7, what is -4 - -12563?
12556
In base 4, what is -32 - 21?
-113
In base 9, what is -3 - 38?
-42
In base 3, what is -2101 + 0?
-2101
In base 11, what is 1 - -547?
548
In base 2, what is 1100110101 + -10?
1100110011
In base 2, what is 0 - 1001101?
-1001101
In base 13, what is -3 - 575?
-578
In base 3, what is -201 + 221?
20
In base 7, what is -41110 + -4?
-41114
In base 2, what is -1010 - 1000?
-10010
In base 4, what is -3 + -22022?
-22031
In base 16, what is -bc1 - 1?
-bc2
In base 13, what is -3 - 3400?
-3403
In base 12, what is -19 + -4b?
-68
In base 8, what is -1 + 665?
664
In base 16, what is -1d + -11f?
-13c
In base 10, what is 1 + 64?
65
In base 3, what is 210 - -11022?
12002
In base 3, what is 0 + -11110120?
-11110120
In base 7, what is 50346 - 4?
50342
In base 2, what is 100000 + 101100110?
110000110
In base 5, what is 2 - 11402?
-11400
In base 6, what is 1 - 2105?
-2104
In base 13, what is 3 - -6?
9
In base 12, what is 5 + -1164?
-115b
In base 5, what is 14212 + -31?
14131
In base 10, what is -1 + 54?
53
In base 10, what is -1 + 116?
115
In base 14, what is -1 + 4a?
49
In base 10, what is -7 + -570?
-577
In base 6, what is 3 + 55?
102
In base 3, what is 2 - 12011?
-12002
In base 8, what is 4 - -106?
112
In base 15, what is -9e3 + -4?
-9e7
In base 15, what is 1bd - 5?
1b8
In base 11, what is -21a7 - 11?
-2208
In base 10, what is -1484 + 0?
-1484
In base 8, what is 2 - 1?
1
In base 2, what is -10001101 - -1101?
-10000000
In base 9, what is -371 - 32?
-413
In base 11, what is 0 + 357?
357
In base 2, what is -1110000011 - 1?
-1110000100
In base 13, what is 28 - 12?
16
In base 14, what is 406 + -5?
401
In base 8, what is 5 - -132?
137
In base 5, what is 2 - -303?
310
In base 7, what is -1 + 41?
40
In base 2, what is 11000101010 - -100?
11000101110
In base 14, what is -a073 + -1?
-a074
In base 16, what is 2f - 1?
2e
In base 13, what is -43 - 3a5?
-418
In base 12, what is -488 - -3?
-485
In base 16, what is 16 - 133?
-11d
In base 6, what is 3 - -3333?
3340
In base 2, what is -110000 - 1?
-110001
In base 9, what is -347 + -118?
-466
In base 12, what is -4a - -3?
-47
In base 6, what is 344 + 1?
345
In base 10, what is 3 - 16?
-13
In base 12, what is 3104 + -1?
3103
In base 7, what is -265 + 12?
-253
In base 9, what is 5 - -237?
243
In base 2, what is 110001 + 10011?
1000100
In base 9, what is -3 - -120?
116
In base 13, what is -3 - -b7?
b4
In base 13, what is 150 + 0?
150
In base 7, what is 2 - 15102?
-15100
In base 8, what is 3036 - 4?
3032
In base 16, what is a87 - 3?
a84
In base 14, what is -c7 + -a?
-d3
In bas